70 and 410.
10
What is the greatest common factor of 20322 and 18?
18
What is the highest common divisor of 936 and 21096?
72
What is the greatest common factor of 110 and 10186?
22
Calculate the greatest common factor of 66 and 13365.
33
What is the greatest common divisor of 1692 and 117030?
282
Calculate the highest common divisor of 155 and 2573.
31
Calculate the highest common factor of 534027 and 156.
39
Calculate the greatest common factor of 5251 and 1068.
89
What is the greatest common divisor of 36 and 10539?
9
Calculate the highest common divisor of 12 and 691.
1
What is the greatest common factor of 354 and 2022?
6
What is the highest common divisor of 16445 and 11440?
715
What is the greatest common factor of 248 and 19375?
31
Calculate the greatest common divisor of 315602 and 14.
14
What is the highest common divisor of 63 and 13531?
7
Calculate the highest common divisor of 390 and 72943.
13
What is the highest common factor of 420 and 370580?
140
Calculate the greatest common factor of 1606 and 198.
22
Calculate the highest common factor of 1200 and 23775.
75
What is the highest common factor of 2168459 and 37?
37
What is the greatest common divisor of 1702 and 3305284?
1702
Calculate the greatest common factor of 4469 and 4633.
41
Calculate the highest common factor of 3743 and 3914.
19
What is the highest common factor of 5734 and 674?
2
Calculate the highest common divisor of 76 and 1521596.
76
What is the greatest common factor of 118131 and 91?
13
What is the greatest common factor of 564289 and 473?
473
Calculate the greatest common factor of 100 and 759310.
10
Calculate the highest common factor of 138 and 120060.
138
What is the highest common factor of 36 and 475992?
36
Calculate the highest common factor of 6006 and 143286.
858
Calculate the highest common divisor of 145163 and 17.
17
What is the highest common factor of 408424 and 152?
152
Calculate the greatest common factor of 44775 and 87759.
1791
Calculate the greatest common divisor of 5816160 and 105.
105
Calculate the greatest common factor of 28 and 3220658.
14
What is the highest common factor of 989010 and 250?
10
What is the greatest common factor of 812 and 16211?
29
Calculate the greatest common factor of 2152 and 352.
8
Calculate the greatest common factor of 50634 and 58.
58
What is the greatest common divisor of 4251 and 16241?
109
What is the greatest common divisor of 51318 and 18?
18
What is the greatest common divisor of 267 and 112407?
267
What is the greatest common factor of 6394010 and 20?
10
Calculate the highest common factor of 48 and 106032.
48
What is the highest common divisor of 4225 and 273?
13
What is the highest common factor of 52063 and 55?
11
What is the greatest common factor of 3288581 and 223?
223
What is the greatest common divisor of 3367 and 8057?
7
What is the greatest common divisor of 4088 and 1666?
14
What is the greatest common factor of 841 and 92945?
29
What is the greatest common factor of 1239 and 19116?
177
What is the highest common factor of 3464 and 162?
2
Calculate the highest common divisor of 9 and 373.
1
Calculate the highest common divisor of 220805 and 344.
43
What is the greatest common divisor of 404018 and 368?
46
Calculate the greatest common divisor of 13804 and 574.
14
Calculate the highest common factor of 7759102 and 26.
26
Calculate the greatest common divisor of 27545 and 63.
7
Calculate the greatest common factor of 3740 and 37774.
374
What is the highest common factor of 30 and 94800?
30
What is the greatest common factor of 36234 and 2928?
366
Calculate the greatest common factor of 1125 and 49625.
125
What is the greatest common divisor of 34539 and 783?
87
Calculate the highest common divisor of 100390 and 10.
10
Calculate the highest common factor of 7380 and 13940.
820
What is the highest common divisor of 7812 and 24444?
252
What is the greatest common divisor of 328 and 4616?
8
Calculate the highest common factor of 459 and 675.
27
What is the highest common factor of 1542025 and 25?
25
Calculate the highest common factor of 70601 and 391.
17
Calculate the greatest common divisor of 32 and 1552048.
16
Calculate the greatest common divisor of 732 and 88206.
366
What is the greatest common factor of 37172 and 12?
4
Calculate the highest common factor of 520 and 3664.
8
What is the greatest common divisor of 8022 and 7449?
573
Calculate the greatest common factor of 221736 and 300.
12
What is the greatest common factor of 70 and 217?
7
Calculate the greatest common divisor of 3 and 8269.
1
Calculate the greatest common divisor of 11 and 27698.
11
Calculate the greatest common factor of 397 and 167137.
397
Calculate the greatest common factor of 10978 and 13464.
22
Calculate the highest common divisor of 630182 and 56.
14
What is the highest common factor of 6724 and 3772?
164
What is the greatest common divisor of 118 and 26236592?
118
Calculate the greatest common factor of 43255 and 2954.
211
What is the highest common divisor of 8031 and 3?
3
What is the highest common divisor of 18 and 77754?
6
Calculate the greatest common divisor of 68 and 45628.
68
Calculate the greatest common divisor of 784 and 6566.
98
Calculate the greatest common divisor of 1464 and 648.
24
Calculate the highest common factor of 15 and 29615.
5
What is the highest common factor of 203216 and 104?
104
What is the highest common divisor of 6480 and 1336905?
405
Calculate the highest common divisor of 341 and 1268179.
341
Calculate the greatest common factor of 239669 and 183.
61
What is the greatest common factor of 83166 and 8466?
498
Calculate the highest common factor of 13280 and 3840.
160
What is the greatest common factor of 12 and 10314?
6
Calculate the greatest common factor of 153331 and 2889.
107
What is the greatest common factor of 2391981 and 123?
123
What is the greatest common factor of 17876 and 3052?
436
What is the highest common factor of 1080 and 695880?
360
Calculate the highest common divisor of 3690 and 1969230.
1230
What is the greatest common factor of 197450 and 1775?
25
Calculate the greatest common divisor of 11100 and 3475.
25
What is the highest common divisor of 18 and 26482?
2
Calculate the greatest common factor of 3 and 158160.
3
Calculate the greatest common factor of 1809801 and 1449.
1449
Calculate the greatest common divisor of 21228 and 87.
87
What is the greatest common divisor of 27744 and 16752?
48
Calculate the highest common divisor of 155 and 11656.
31
What is the highest common factor of 497 and 9891?
7
Calculate the greatest common factor of 228 and 5964.
12
What is the highest common divisor of 8970 and 13650?
390
Calculate the highest common divisor of 122 and 212.
2
Calculate the highest common factor of 5035 and 5282.
19
Calculate the highest common divisor of 54 and 520.
2
What is the highest common divisor of 4755 and 555?
15
What is the highest common divisor of 29563 and 756465?
1739
What is the highest common divisor of 4229652 and 903?
903
Calculate the highest common factor of 2276 and 4.
4
What is the greatest common divisor of 3360 and 700224?
672
What is the highest common factor of 99584 and 7391?
389
Calculate the highest common factor of 26665 and 25.
5
Calculate the highest common factor of 99 and 2423223.
99
What is the highest common divisor of 12136 and 75604?
164
What is the highest common factor of 1349 and 9017?
71
What is the highest common factor of 35320 and 122737?
883
What is the highest common factor of 1172989 and 698?
349
What is the highest common divisor of 397 and 328319?
397
Calculate the greatest common factor of 117586 and 222.
74
What is the highest common divisor of 86340 and 15?
15
What is the greatest common divisor of 424884 and 24?
12
What is the highest common factor of 320 and 19105?
5
Calculate the greatest common divisor of 200 and 1320.
40
Calculate the greatest common divisor of 1549414 and 1194.
398
Calculate the greatest common divisor of 25 and 6110275.
25
What is the highest common factor of 552645 and 135?
45
Calculate the greatest common factor of 2038275 and 81.
9
Calculate the highest common factor of 288390 and 30.
30
What is the highest common divisor of 270780 and 24?
12
Calculate the greatest common d